{"id":3404,"date":"2021-05-03T04:09:14","date_gmt":"2021-05-03T04:09:14","guid":{"rendered":"https:\/\/medo-flor.hr\/mjalte\/?post_type=product&#038;p=3404"},"modified":"2021-05-04T08:59:06","modified_gmt":"2021-05-04T08:59:06","slug":"apibronhial-bimor","status":"publish","type":"product","link":"https:\/\/medo-flor.hr\/mjalte\/product\/apibronhial-bimor\/","title":{"rendered":"APIBRONHIAL BIMOR"},"content":{"rendered":"<p>P\u00cbRB\u00cbR\u00cbSIT<\/p>\n<p>Shurup fruktoz\u00eb-glukoz\u00eb, mjalt\u00eb, ekstrakte alkool-uj\u00eb-bim\u00eb: (Picea abies) dhe gjethe e \u00ebmb\u00ebl (Salvia officinalis), vaj esencial me fara kop\u00ebr \u2013 sage (Foeniculum vulgare), p\u00ebrb\u00ebr\u00ebs t\u00eb tjer\u00eb: vajra esenciale t\u00eb bim\u00ebve t\u00eb rozmaris\u00eb (Rosmarinus officinalis) dhe t\u00eb majave t\u00eb eukalipteve (Eucaliptus globulus).<\/p>\n<p><em>P\u00ebrb\u00ebr\u00ebsit n\u00eb doz\u00ebn e rekomanduar ditore (t\u00eb rriturit = 15 g, 1 tsp = 5 g)<\/em><br \/>\n_________________________<\/p>\n<table>\n<tbody>\n<tr class=\"naslov\" style=\"background:#D77709;\">\n<td style=\"color:#fff; padding-left:20px;\"><strong>P\u00cbRB\u00cbR\u00cbSIT <\/strong><\/td>\n<td style=\"color:#fff;\"><strong>1 lug\u00eb \u00e7aji (= 5 g)<\/strong><\/td>\n<\/tr>\n<tr>\n<td>Mjalt\u00eb<\/td>\n<td>30,00%<\/td>\n<\/tr>\n<tr>\n<td>Nj\u00eb tret\u00ebsir\u00eb alkoolike-bimore e bim\u00ebve hudh\u00ebr\n<\/td>\n<td>0,80%<\/td>\n<\/tr>\n<tr>\n<td>Nj\u00eb tret\u00ebsir\u00eb alkoolike-bimore e bim\u00ebve t\u00eb gjetheve nga sage <\/td>\n<td>0,40%<\/td>\n<\/tr>\n<tr>\n<td>Nj\u00eb tret\u00ebsir\u00eb alkoolike-bimore e bim\u00ebve t\u00eb kopr\u00ebs dhe farave <\/td>\n<td>0,11%<\/td>\n<\/tr>\n<\/tbody>\n<\/table>\n","protected":false},"excerpt":{"rendered":"<p>Syrup i prodhuar nga mjalti, ekstrakte bimore dhe vajra esenciale.<\/p>\n<p>P\u00ebrmban sherbel dhe kop\u00ebr q\u00eb kontribuojn\u00eb n\u00eb ruajtjen e funksionit normal t\u00eb rrug\u00ebve t\u00eb sip\u00ebrme t\u00eb frym\u00ebmarrjes.<\/p>\n<p><strong>Vendi i origjin\u00ebs:<\/strong> Kroacia<\/p>\n<p><strong>Neto:<\/strong> 200 ml<\/p>\n<div id=\"attachment_6001\" style=\"width: 460px\" class=\"wp-caption alignnone\"><img loading=\"lazy\" decoding=\"async\" aria-describedby=\"caption-attachment-6001\" class=\"wp-image-6001 size-full\" src=\"http:\/\/medo-flor.hr\/mjalte\/wp-content\/uploads\/2017\/03\/apibronhial-herbal-bar.jpg\" alt=\"Apibronhial herbal syrup\" width=\"450\" height=\"160\" \/><p id=\"caption-attachment-6001\" class=\"wp-caption-text\">Shurup bimor Apibronhial<\/p><\/div>\n","protected":false},"featured_media":3372,"comment_status":"closed","ping_status":"closed","template":"","meta":{"_et_pb_use_builder":"","_et_pb_old_content":"","_et_gb_content_width":""},"class_list":["post-3404","product","type-product","status-publish","has-post-thumbnail","hentry","product_cat-shtesa-ushqimore"],"yoast_head":"<!-- This site is optimized with the Yoast SEO plugin v16.1.1 - https:\/\/yoast.com\/wordpress\/plugins\/seo\/ -->\n<title>APIBRONHIAL BIMOR - Medo Flor<\/title>\n<link rel=\"canonical\" href=\"https:\/\/medo-flor.hr\/mjalte\/product\/apibronhial-bimor\/\" \/>\n<meta property=\"og:locale\" content=\"sq_AL\" \/>\n<meta property=\"og:type\" content=\"article\" \/>\n<meta property=\"og:title\" content=\"APIBRONHIAL BIMOR - Medo Flor\" \/>\n<meta property=\"og:description\" content=\"Syrup i prodhuar nga mjalti, ekstrakte bimore dhe vajra esenciale.  P\u00ebrmban sherbel dhe kop\u00ebr q\u00eb kontribuojn\u00eb n\u00eb ruajtjen e funksionit normal t\u00eb rrug\u00ebve t\u00eb sip\u00ebrme t\u00eb frym\u00ebmarrjes.  Vendi i origjin\u00ebs: Kroacia  Neto: 200 ml\" \/>\n<meta property=\"og:url\" content=\"https:\/\/medo-flor.hr\/mjalte\/product\/apibronhial-bimor\/\" \/>\n<meta property=\"og:site_name\" content=\"Medo Flor\" \/>\n<meta property=\"article:modified_time\" content=\"2021-05-04T08:59:06+00:00\" \/>\n<meta property=\"og:image\" content=\"https:\/\/medo-flor.hr\/mjalte\/wp-content\/uploads\/2021\/04\/8-eng.png\" \/>\n\t<meta property=\"og:image:width\" content=\"500\" \/>\n\t<meta property=\"og:image:height\" content=\"500\" \/>\n<meta name=\"twitter:card\" content=\"summary_large_image\" \/>\n<meta name=\"twitter:label1\" content=\"Est. reading time\">\n\t<meta name=\"twitter:data1\" content=\"1 minut\u00eb\">\n<script type=\"application\/ld+json\" class=\"yoast-schema-graph\">{\"@context\":\"https:\/\/schema.org\",\"@graph\":[{\"@type\":\"WebSite\",\"@id\":\"https:\/\/medo-flor.hr\/mjalte\/#website\",\"url\":\"https:\/\/medo-flor.hr\/mjalte\/\",\"name\":\"Medo Flor\",\"description\":\"Doma\\u0107i proizvodi od meda\",\"potentialAction\":[{\"@type\":\"SearchAction\",\"target\":\"https:\/\/medo-flor.hr\/mjalte\/?s={search_term_string}\",\"query-input\":\"required name=search_term_string\"}],\"inLanguage\":\"sq\"},{\"@type\":\"ImageObject\",\"@id\":\"https:\/\/medo-flor.hr\/mjalte\/product\/apibronhial-bimor\/#primaryimage\",\"inLanguage\":\"sq\",\"url\":\"https:\/\/medo-flor.hr\/mjalte\/wp-content\/uploads\/2021\/04\/8-eng.png\",\"contentUrl\":\"https:\/\/medo-flor.hr\/mjalte\/wp-content\/uploads\/2021\/04\/8-eng.png\",\"width\":500,\"height\":500},{\"@type\":\"WebPage\",\"@id\":\"https:\/\/medo-flor.hr\/mjalte\/product\/apibronhial-bimor\/#webpage\",\"url\":\"https:\/\/medo-flor.hr\/mjalte\/product\/apibronhial-bimor\/\",\"name\":\"APIBRONHIAL BIMOR - Medo Flor\",\"isPartOf\":{\"@id\":\"https:\/\/medo-flor.hr\/mjalte\/#website\"},\"primaryImageOfPage\":{\"@id\":\"https:\/\/medo-flor.hr\/mjalte\/product\/apibronhial-bimor\/#primaryimage\"},\"datePublished\":\"2021-05-03T04:09:14+00:00\",\"dateModified\":\"2021-05-04T08:59:06+00:00\",\"breadcrumb\":{\"@id\":\"https:\/\/medo-flor.hr\/mjalte\/product\/apibronhial-bimor\/#breadcrumb\"},\"inLanguage\":\"sq\",\"potentialAction\":[{\"@type\":\"ReadAction\",\"target\":[\"https:\/\/medo-flor.hr\/mjalte\/product\/apibronhial-bimor\/\"]}]},{\"@type\":\"BreadcrumbList\",\"@id\":\"https:\/\/medo-flor.hr\/mjalte\/product\/apibronhial-bimor\/#breadcrumb\",\"itemListElement\":[{\"@type\":\"ListItem\",\"position\":1,\"item\":{\"@type\":\"WebPage\",\"@id\":\"https:\/\/medo-flor.hr\/mjalte\/\",\"url\":\"https:\/\/medo-flor.hr\/mjalte\/\",\"name\":\"Home\"}},{\"@type\":\"ListItem\",\"position\":2,\"item\":{\"@type\":\"WebPage\",\"@id\":\"https:\/\/medo-flor.hr\/mjalte\/shop\/\",\"url\":\"https:\/\/medo-flor.hr\/mjalte\/shop\/\",\"name\":\"Shop\"}},{\"@type\":\"ListItem\",\"position\":3,\"item\":{\"@type\":\"WebPage\",\"@id\":\"https:\/\/medo-flor.hr\/mjalte\/product\/apibronhial-bimor\/\",\"url\":\"https:\/\/medo-flor.hr\/mjalte\/product\/apibronhial-bimor\/\",\"name\":\"APIBRONHIAL BIMOR\"}}]}]}<\/script>\n<!-- \/ Yoast SEO plugin. -->","_links":{"self":[{"href":"https:\/\/medo-flor.hr\/mjalte\/wp-json\/wp\/v2\/product\/3404","targetHints":{"allow":["GET"]}}],"collection":[{"href":"https:\/\/medo-flor.hr\/mjalte\/wp-json\/wp\/v2\/product"}],"about":[{"href":"https:\/\/medo-flor.hr\/mjalte\/wp-json\/wp\/v2\/types\/product"}],"replies":[{"embeddable":true,"href":"https:\/\/medo-flor.hr\/mjalte\/wp-json\/wp\/v2\/comments?post=3404"}],"wp:featuredmedia":[{"embeddable":true,"href":"https:\/\/medo-flor.hr\/mjalte\/wp-json\/wp\/v2\/media\/3372"}],"wp:attachment":[{"href":"https:\/\/medo-flor.hr\/mjalte\/wp-json\/wp\/v2\/media?parent=3404"}],"curies":[{"name":"wp","href":"https:\/\/api.w.org\/{rel}","templated":true}]}}