{"id":3405,"date":"2021-05-03T04:09:14","date_gmt":"2021-05-03T04:09:14","guid":{"rendered":"https:\/\/medo-flor.hr\/mjalte\/?post_type=product&#038;p=3405"},"modified":"2021-05-04T08:58:55","modified_gmt":"2021-05-04T08:58:55","slug":"api-bimor-junior","status":"publish","type":"product","link":"https:\/\/medo-flor.hr\/mjalte\/product\/api-bimor-junior\/","title":{"rendered":"API BIMOR JUNIOR"},"content":{"rendered":"<p>P\u00cbRB\u00cbR\u00cbSIT<\/p>\n<p>Shurup fruktoza-glukoz\u00eb, mjalt\u00eb, ekstrakte alkalo-uj\u00eb-bimore t\u00eb gjetheve t\u00eb sage (Salvia officinalis) dhe (Picea Abies).<\/p>\n<p><em>P\u00ebrb\u00ebr\u00ebsit n\u00eb doz\u00ebn e rekomanduar ditore (t\u00eb rritur = 10 g 1 lug\u00eb = 5 g)<\/em><\/p>\n<p>_____________________<\/p>\n<table>\n<tbody>\n<tr class=\"naslov\" style=\"background:#D77709;\">\n<td style=\"color:#fff; padding-left:20px;\"><strong>P\u00cbRB\u00cbR\u00cbSIT<\/strong><\/td>\n<td style=\"color:#fff;\"><strong>1 lug\u00eb \u00e7aji (= 5 g)<\/strong><\/td>\n<\/tr>\n<tr>\n<td>Mjalt\u00eb<\/td>\n<td>30,00%<\/td>\n<\/tr>\n<tr>\n<td>Nj\u00eb tret\u00ebsir\u00eb alkoolike-bimore e bim\u00ebve hudh\u00ebr <\/td>\n<td>0,80%<\/td>\n<\/tr>\n<tr>\n<td>Nj\u00eb tret\u00ebsir\u00eb alkoolike-bimore e bim\u00ebs me gjethe nga sage <\/td>\n<td>0,40%<\/td>\n<\/tr>\n<\/tbody>\n<\/table>\n","protected":false},"excerpt":{"rendered":"<p>Syrup i prodhuar nga mjalta dhe ekstraktet bimore.<\/p>\n<p>Vendi i origjin\u00ebs: Kroacia<\/p>\n<p>Net: 200 ml<\/p>\n<p>P\u00ebr f\u00ebmij\u00ebt, t\u00eb p\u00ebrshtatshme p\u00ebr t\u00eb rriturit<\/p>\n<div id=\"attachment_5999\" style=\"width: 460px\" class=\"wp-caption alignnone\"><img loading=\"lazy\" decoding=\"async\" aria-describedby=\"caption-attachment-5999\" class=\"wp-image-5999 size-full\" src=\"http:\/\/medo-flor.hr\/mjalte\/wp-content\/uploads\/2017\/03\/apiherbal-junior-bar.jpg\" alt=\"Apiherbal junior syrup\" width=\"450\" height=\"160\" \/><p id=\"caption-attachment-5999\" class=\"wp-caption-text\">Shurup i vog\u00ebl Apiherbal<\/p><\/div>\n","protected":false},"featured_media":3373,"comment_status":"closed","ping_status":"closed","template":"","meta":{"_et_pb_use_builder":"","_et_pb_old_content":"","_et_gb_content_width":""},"class_list":["post-3405","product","type-product","status-publish","has-post-thumbnail","hentry","product_cat-shtesa-ushqimore"],"yoast_head":"<!-- This site is optimized with the Yoast SEO plugin v16.1.1 - https:\/\/yoast.com\/wordpress\/plugins\/seo\/ -->\n<title>API BIMOR JUNIOR - Medo Flor<\/title>\n<link rel=\"canonical\" href=\"https:\/\/medo-flor.hr\/mjalte\/product\/api-bimor-junior\/\" \/>\n<meta property=\"og:locale\" content=\"sq_AL\" \/>\n<meta property=\"og:type\" content=\"article\" \/>\n<meta property=\"og:title\" content=\"API BIMOR JUNIOR - Medo Flor\" \/>\n<meta property=\"og:description\" content=\"Syrup i prodhuar nga mjalta dhe ekstraktet bimore.  Vendi i origjin\u00ebs: Kroacia  Net: 200 ml  P\u00ebr f\u00ebmij\u00ebt, t\u00eb p\u00ebrshtatshme p\u00ebr t\u00eb rriturit\" \/>\n<meta property=\"og:url\" content=\"https:\/\/medo-flor.hr\/mjalte\/product\/api-bimor-junior\/\" \/>\n<meta property=\"og:site_name\" content=\"Medo Flor\" \/>\n<meta property=\"article:modified_time\" content=\"2021-05-04T08:58:55+00:00\" \/>\n<meta property=\"og:image\" content=\"https:\/\/medo-flor.hr\/mjalte\/wp-content\/uploads\/2021\/04\/9-eng.png\" \/>\n\t<meta property=\"og:image:width\" content=\"500\" \/>\n\t<meta property=\"og:image:height\" content=\"500\" \/>\n<meta name=\"twitter:card\" content=\"summary_large_image\" \/>\n<script type=\"application\/ld+json\" class=\"yoast-schema-graph\">{\"@context\":\"https:\/\/schema.org\",\"@graph\":[{\"@type\":\"WebSite\",\"@id\":\"https:\/\/medo-flor.hr\/mjalte\/#website\",\"url\":\"https:\/\/medo-flor.hr\/mjalte\/\",\"name\":\"Medo Flor\",\"description\":\"Doma\\u0107i proizvodi od meda\",\"potentialAction\":[{\"@type\":\"SearchAction\",\"target\":\"https:\/\/medo-flor.hr\/mjalte\/?s={search_term_string}\",\"query-input\":\"required name=search_term_string\"}],\"inLanguage\":\"sq\"},{\"@type\":\"ImageObject\",\"@id\":\"https:\/\/medo-flor.hr\/mjalte\/product\/api-bimor-junior\/#primaryimage\",\"inLanguage\":\"sq\",\"url\":\"https:\/\/medo-flor.hr\/mjalte\/wp-content\/uploads\/2021\/04\/9-eng.png\",\"contentUrl\":\"https:\/\/medo-flor.hr\/mjalte\/wp-content\/uploads\/2021\/04\/9-eng.png\",\"width\":500,\"height\":500},{\"@type\":\"WebPage\",\"@id\":\"https:\/\/medo-flor.hr\/mjalte\/product\/api-bimor-junior\/#webpage\",\"url\":\"https:\/\/medo-flor.hr\/mjalte\/product\/api-bimor-junior\/\",\"name\":\"API BIMOR JUNIOR - Medo Flor\",\"isPartOf\":{\"@id\":\"https:\/\/medo-flor.hr\/mjalte\/#website\"},\"primaryImageOfPage\":{\"@id\":\"https:\/\/medo-flor.hr\/mjalte\/product\/api-bimor-junior\/#primaryimage\"},\"datePublished\":\"2021-05-03T04:09:14+00:00\",\"dateModified\":\"2021-05-04T08:58:55+00:00\",\"breadcrumb\":{\"@id\":\"https:\/\/medo-flor.hr\/mjalte\/product\/api-bimor-junior\/#breadcrumb\"},\"inLanguage\":\"sq\",\"potentialAction\":[{\"@type\":\"ReadAction\",\"target\":[\"https:\/\/medo-flor.hr\/mjalte\/product\/api-bimor-junior\/\"]}]},{\"@type\":\"BreadcrumbList\",\"@id\":\"https:\/\/medo-flor.hr\/mjalte\/product\/api-bimor-junior\/#breadcrumb\",\"itemListElement\":[{\"@type\":\"ListItem\",\"position\":1,\"item\":{\"@type\":\"WebPage\",\"@id\":\"https:\/\/medo-flor.hr\/mjalte\/\",\"url\":\"https:\/\/medo-flor.hr\/mjalte\/\",\"name\":\"Home\"}},{\"@type\":\"ListItem\",\"position\":2,\"item\":{\"@type\":\"WebPage\",\"@id\":\"https:\/\/medo-flor.hr\/mjalte\/shop\/\",\"url\":\"https:\/\/medo-flor.hr\/mjalte\/shop\/\",\"name\":\"Shop\"}},{\"@type\":\"ListItem\",\"position\":3,\"item\":{\"@type\":\"WebPage\",\"@id\":\"https:\/\/medo-flor.hr\/mjalte\/product\/api-bimor-junior\/\",\"url\":\"https:\/\/medo-flor.hr\/mjalte\/product\/api-bimor-junior\/\",\"name\":\"API BIMOR JUNIOR\"}}]}]}<\/script>\n<!-- \/ Yoast SEO plugin. -->","_links":{"self":[{"href":"https:\/\/medo-flor.hr\/mjalte\/wp-json\/wp\/v2\/product\/3405","targetHints":{"allow":["GET"]}}],"collection":[{"href":"https:\/\/medo-flor.hr\/mjalte\/wp-json\/wp\/v2\/product"}],"about":[{"href":"https:\/\/medo-flor.hr\/mjalte\/wp-json\/wp\/v2\/types\/product"}],"replies":[{"embeddable":true,"href":"https:\/\/medo-flor.hr\/mjalte\/wp-json\/wp\/v2\/comments?post=3405"}],"wp:featuredmedia":[{"embeddable":true,"href":"https:\/\/medo-flor.hr\/mjalte\/wp-json\/wp\/v2\/media\/3373"}],"wp:attachment":[{"href":"https:\/\/medo-flor.hr\/mjalte\/wp-json\/wp\/v2\/media?parent=3405"}],"curies":[{"name":"wp","href":"https:\/\/api.w.org\/{rel}","templated":true}]}}