{"id":3414,"date":"2021-05-03T04:09:16","date_gmt":"2021-05-03T04:09:16","guid":{"rendered":"https:\/\/medo-flor.hr\/mjalte\/?post_type=product&#038;p=3414"},"modified":"2021-05-04T08:53:09","modified_gmt":"2021-05-04T08:53:09","slug":"propolis-15-me-difuzues","status":"publish","type":"product","link":"https:\/\/medo-flor.hr\/mjalte\/product\/propolis-15-me-difuzues\/","title":{"rendered":"PROPOLIS 15% ME DIFUZUES"},"content":{"rendered":"<p>P\u00cbRB\u00cbR\u00cbSIT<\/p>\n<p>Etanol, uj\u00eb i past\u00ebr, propolis (prodhuar nga 6.60 g propolis).<\/p>\n<p><em>P\u00ebrb\u00ebr\u00ebsit n\u00eb doz\u00ebn e rekomanduar ditore (10 sp\u00ebrkatje = 1.75 ml)<\/em><\/p>\n<p>___________<\/p>\n<table>\n<tbody>\n<tr class=\"naslov\" style=\"background:#D77709;\">\n<td style=\"color:#fff; padding-left:20px\"><strong>P\u00cbRB\u00cbR\u00cbSIT<\/strong><\/td>\n<td style=\"color:#fff;\"><strong>10 sp\u00ebrkatje = 1,75 ml<\/strong><\/td>\n<\/tr>\n<tr>\n<td>Propolisi<\/td>\n<td>15% (prodhuar nga 6.60 g propolis)<\/td>\n<\/tr>\n<\/tbody>\n<\/table>\n<p>___________<\/p>\n<p>Propolisi \u00ebsht\u00eb nj\u00eb produkt nga blet\u00ebt (nj\u00eb p\u00ebrzierje e grimcave dhe sekrecioneve q\u00eb prodhojn\u00eb blet\u00ebt). Ai sh\u00ebrben p\u00ebr dezinfektimin e koshereve t\u00eb blet\u00ebve, p\u00ebr mbylljen e plasaritjeve, shk\u00eblqimin  e celulave t\u00eb kall\u00ebpeve ku ruhet ushqimi (mjalti dhe poleni) dhe ku hedhen larvat, p\u00ebr t&#8217;u mbrojtur nga infeksioni dhe p\u00ebr balsamimin q\u00eb nuk mund t\u00eb merret nga kosheret<\/p>\n","protected":false},"excerpt":{"rendered":"<p>Propolisi \u00ebsht\u00eb nj\u00eb produkt nga blet\u00ebt (nj\u00eb p\u00ebrzierje e sekrecioneveq\u00eb prodhojn\u00eb  blet\u00ebt).<\/p>\n<p>Propolisi siguron nj\u00eb ndjesi leht\u00ebsimi n\u00eb fyt.<\/p>\n<p><strong>Vendi i origjin\u00ebs<\/strong>: Kroacia<\/p>\n<p><strong>Neto:<\/strong> 30 ml<\/p>\n<div id=\"attachment_5948\" style=\"width: 460px\" class=\"wp-caption alignnone\"><img loading=\"lazy\" decoding=\"async\" aria-describedby=\"caption-attachment-5948\" class=\"wp-image-5948 size-full\" src=\"http:\/\/medo-flor.hr\/mjalte\/wp-content\/uploads\/2017\/03\/propolis-diffuser-bar-1.jpg\" alt=\"Propolis drops with diffuser\" width=\"450\" height=\"160\" \/><p id=\"caption-attachment-5948\" class=\"wp-caption-text\">Propolis drops with diffuser<\/p><\/div>\n","protected":false},"featured_media":3375,"comment_status":"closed","ping_status":"closed","template":"","meta":{"_et_pb_use_builder":"","_et_pb_old_content":"","_et_gb_content_width":""},"class_list":["post-3414","product","type-product","status-publish","has-post-thumbnail","hentry","product_cat-shtesa-ushqimore"],"yoast_head":"<!-- This site is optimized with the Yoast SEO plugin v16.1.1 - https:\/\/yoast.com\/wordpress\/plugins\/seo\/ -->\n<title>PROPOLIS 15% ME DIFUZUES - Medo Flor<\/title>\n<link rel=\"canonical\" href=\"https:\/\/medo-flor.hr\/mjalte\/product\/propolis-15-me-difuzues\/\" \/>\n<meta property=\"og:locale\" content=\"sq_AL\" \/>\n<meta property=\"og:type\" content=\"article\" \/>\n<meta property=\"og:title\" content=\"PROPOLIS 15% ME DIFUZUES - Medo Flor\" \/>\n<meta property=\"og:description\" content=\"Propolisi \u00ebsht\u00eb nj\u00eb produkt nga blet\u00ebt (nj\u00eb p\u00ebrzierje e sekrecioneveq\u00eb prodhojn\u00eb blet\u00ebt).  Propolisi siguron nj\u00eb ndjesi leht\u00ebsimi n\u00eb fyt.  Vendi i origjin\u00ebs: Kroacia  Neto: 30 ml\" \/>\n<meta property=\"og:url\" content=\"https:\/\/medo-flor.hr\/mjalte\/product\/propolis-15-me-difuzues\/\" \/>\n<meta property=\"og:site_name\" content=\"Medo Flor\" \/>\n<meta property=\"article:modified_time\" content=\"2021-05-04T08:53:09+00:00\" \/>\n<meta property=\"og:image\" content=\"https:\/\/medo-flor.hr\/mjalte\/wp-content\/uploads\/2021\/04\/11-eng.png\" \/>\n\t<meta property=\"og:image:width\" content=\"500\" \/>\n\t<meta property=\"og:image:height\" content=\"500\" \/>\n<meta name=\"twitter:card\" content=\"summary_large_image\" \/>\n<meta name=\"twitter:label1\" content=\"Est. reading time\">\n\t<meta name=\"twitter:data1\" content=\"1 minut\u00eb\">\n<script type=\"application\/ld+json\" class=\"yoast-schema-graph\">{\"@context\":\"https:\/\/schema.org\",\"@graph\":[{\"@type\":\"WebSite\",\"@id\":\"https:\/\/medo-flor.hr\/mjalte\/#website\",\"url\":\"https:\/\/medo-flor.hr\/mjalte\/\",\"name\":\"Medo Flor\",\"description\":\"Doma\\u0107i proizvodi od meda\",\"potentialAction\":[{\"@type\":\"SearchAction\",\"target\":\"https:\/\/medo-flor.hr\/mjalte\/?s={search_term_string}\",\"query-input\":\"required name=search_term_string\"}],\"inLanguage\":\"sq\"},{\"@type\":\"ImageObject\",\"@id\":\"https:\/\/medo-flor.hr\/mjalte\/product\/propolis-15-me-difuzues\/#primaryimage\",\"inLanguage\":\"sq\",\"url\":\"https:\/\/medo-flor.hr\/mjalte\/wp-content\/uploads\/2021\/04\/11-eng.png\",\"contentUrl\":\"https:\/\/medo-flor.hr\/mjalte\/wp-content\/uploads\/2021\/04\/11-eng.png\",\"width\":500,\"height\":500},{\"@type\":\"WebPage\",\"@id\":\"https:\/\/medo-flor.hr\/mjalte\/product\/propolis-15-me-difuzues\/#webpage\",\"url\":\"https:\/\/medo-flor.hr\/mjalte\/product\/propolis-15-me-difuzues\/\",\"name\":\"PROPOLIS 15% ME DIFUZUES - Medo Flor\",\"isPartOf\":{\"@id\":\"https:\/\/medo-flor.hr\/mjalte\/#website\"},\"primaryImageOfPage\":{\"@id\":\"https:\/\/medo-flor.hr\/mjalte\/product\/propolis-15-me-difuzues\/#primaryimage\"},\"datePublished\":\"2021-05-03T04:09:16+00:00\",\"dateModified\":\"2021-05-04T08:53:09+00:00\",\"breadcrumb\":{\"@id\":\"https:\/\/medo-flor.hr\/mjalte\/product\/propolis-15-me-difuzues\/#breadcrumb\"},\"inLanguage\":\"sq\",\"potentialAction\":[{\"@type\":\"ReadAction\",\"target\":[\"https:\/\/medo-flor.hr\/mjalte\/product\/propolis-15-me-difuzues\/\"]}]},{\"@type\":\"BreadcrumbList\",\"@id\":\"https:\/\/medo-flor.hr\/mjalte\/product\/propolis-15-me-difuzues\/#breadcrumb\",\"itemListElement\":[{\"@type\":\"ListItem\",\"position\":1,\"item\":{\"@type\":\"WebPage\",\"@id\":\"https:\/\/medo-flor.hr\/mjalte\/\",\"url\":\"https:\/\/medo-flor.hr\/mjalte\/\",\"name\":\"Home\"}},{\"@type\":\"ListItem\",\"position\":2,\"item\":{\"@type\":\"WebPage\",\"@id\":\"https:\/\/medo-flor.hr\/mjalte\/shop\/\",\"url\":\"https:\/\/medo-flor.hr\/mjalte\/shop\/\",\"name\":\"Shop\"}},{\"@type\":\"ListItem\",\"position\":3,\"item\":{\"@type\":\"WebPage\",\"@id\":\"https:\/\/medo-flor.hr\/mjalte\/product\/propolis-15-me-difuzues\/\",\"url\":\"https:\/\/medo-flor.hr\/mjalte\/product\/propolis-15-me-difuzues\/\",\"name\":\"PROPOLIS 15% ME DIFUZUES\"}}]}]}<\/script>\n<!-- \/ Yoast SEO plugin. -->","_links":{"self":[{"href":"https:\/\/medo-flor.hr\/mjalte\/wp-json\/wp\/v2\/product\/3414","targetHints":{"allow":["GET"]}}],"collection":[{"href":"https:\/\/medo-flor.hr\/mjalte\/wp-json\/wp\/v2\/product"}],"about":[{"href":"https:\/\/medo-flor.hr\/mjalte\/wp-json\/wp\/v2\/types\/product"}],"replies":[{"embeddable":true,"href":"https:\/\/medo-flor.hr\/mjalte\/wp-json\/wp\/v2\/comments?post=3414"}],"wp:featuredmedia":[{"embeddable":true,"href":"https:\/\/medo-flor.hr\/mjalte\/wp-json\/wp\/v2\/media\/3375"}],"wp:attachment":[{"href":"https:\/\/medo-flor.hr\/mjalte\/wp-json\/wp\/v2\/media?parent=3414"}],"curies":[{"name":"wp","href":"https:\/\/api.w.org\/{rel}","templated":true}]}}